175.
3, 5, 17, 61
What are the prime factors of 1994972?
2, 7, 71249
List the prime factors of 614420.
2, 5, 31, 991
What are the prime factors of 842973?
3, 19, 23, 643
What are the prime factors of 1402375?
5, 13, 863
List the prime factors of 362463.
3, 19, 6359
What are the prime factors of 18315772?
2, 19, 240997
List the prime factors of 2529216.
2, 3, 4391
What are the prime factors of 383652?
2, 3, 10657
What are the prime factors of 5637508?
2, 1031, 1367
List the prime factors of 1620779.
89, 18211
List the prime factors of 987230.
2, 5, 269, 367
List the prime factors of 383314.
2, 191657
What are the prime factors of 216646?
2, 149, 727
What are the prime factors of 576862?
2, 11, 13, 2017
What are the prime factors of 868916?
2, 217229
What are the prime factors of 27452960?
2, 5, 17, 10093
List the prime factors of 2001321.
3, 7, 10589
List the prime factors of 2254435.
5, 450887
What are the prime factors of 210780?
2, 3, 5, 1171
What are the prime factors of 5218908?
2, 3, 434909
What are the prime factors of 331557?
3, 29, 37, 103
What are the prime factors of 1821833?
13, 353, 397
What are the prime factors of 1704195?
3, 5, 37871
List the prime factors of 4942150.
2, 5, 97, 1019
What are the prime factors of 1195920?
2, 3, 5, 11, 151
List the prime factors of 105285.
3, 5, 7019
What are the prime factors of 16599842?
2, 7, 1185703
List the prime factors of 713118.
2, 3, 7, 16979
What are the prime factors of 64763?
64763
What are the prime factors of 4783467?
3, 13, 122653
List the prime factors of 123829.
123829
List the prime factors of 177752.
2, 17, 1307
List the prime factors of 168426.
2, 3, 3119
List the prime factors of 848867.
47, 18061
What are the prime factors of 114885?
3, 5, 23, 37
List the prime factors of 276252.
2, 3, 23021
List the prime factors of 34585978.
2, 7, 2470427
What are the prime factors of 578197?
23, 1093
What are the prime factors of 256273?
29, 8837
List the prime factors of 6548272.
2, 409267
List the prime factors of 962676.
2, 3, 11, 13, 17
List the prime factors of 220827.
3, 73609
What are the prime factors of 304946?
2, 17, 8969
List the prime factors of 757632.
2, 3, 1973
What are the prime factors of 73561?
73561
List the prime factors of 798387.
3, 266129
What are the prime factors of 170379?
3, 11, 1721
List the prime factors of 185225.
5, 31, 239
What are the prime factors of 88971?
3, 47, 631
List the prime factors of 725551.
29, 127, 197
What are the prime factors of 528625?
5, 4229
List the prime factors of 955470.
2, 3, 5, 31849
What are the prime factors of 98983?
31, 103
What are the prime factors of 259303?
11, 2143
What are the prime factors of 1434166?
2, 29, 79, 313
What are the prime factors of 17091?
3, 211
List the prime factors of 822385.
5, 164477
List the prime factors of 116366.
2, 83, 701
What are the prime factors of 962893?
107, 8999
What are the prime factors of 17032449?
3, 7, 109, 1063
What are the prime factors of 811782?
2, 3, 5011
What are the prime factors of 4832663?
11, 461, 953
What are the prime factors of 604186?
2, 11, 29, 947
List the prime factors of 1585854.
2, 3, 19, 4637
What are the prime factors of 81810?
2, 3, 5, 101
List the prime factors of 6384.
2, 3, 7, 19
List the prime factors of 1434838.
2, 717419
What are the prime factors of 5519792?
2, 344987
What are the prime factors of 11006870?
2, 5, 7, 3209
What are the prime factors of 1136557?
1136557
What are the prime factors of 9723961?
13, 29, 25793
What are the prime factors of 833844?
2, 3, 11, 6317
List the prime factors of 674285.
5, 134857
List the prime factors of 8677.
8677
List the prime factors of 87062.
2, 101, 431
List the prime factors of 3842007.
3, 13, 29, 43, 79
What are the prime factors of 81086?
2, 40543
What are the prime factors of 4033971?
3, 439, 1021
List the prime factors of 394945.
5, 78989
What are the prime factors of 863071?
11, 31, 2531
List the prime factors of 125929.
125929
What are the prime factors of 16587483?
3, 11, 502651
List the prime factors of 1811023.
19, 95317
List the prime factors of 689394.
2, 3, 89, 1291
List the prime factors of 4236395.
5, 847279
List the prime factors of 2410440.
2, 3, 5, 53, 379
What are the prime factors of 99476?
2, 13, 1913
List the prime factors of 4475011.
47, 95213
List the prime factors of 5650010.
2, 5, 251, 2251
What are the prime factors of 1161264?
2, 3, 13, 1861
List the prime factors of 26075105.
5, 7, 71, 1499
List the prime factors of 3580550.
2, 5, 19, 3769
List the prime factors of 355371.
3, 118457
List the prime factors of 188758.
2, 94379
What are the prime factors of 4127280?
2, 3, 5, 29, 593
List the prime factors of 443617.
547, 811
What are the prime factors of 14029160?
2, 5, 350729
What are the prime factors of 1089298?
2, 7, 29, 2683
List the prime factors of 115745.
5, 7, 3307
List the prime factors of 10582409.
97, 109097
List the prime factors of 17159671.
1129, 15199
What are the prime factors of 2676001?
2676001
List the prime factors of 194394.
2, 3, 179, 181
What are the prime factors of 4317486?
2, 3, 53, 13577
List the prime factors of 435081.
3, 17, 19, 449
What are the prime factors of 366545?
5, 73309
What are the prime factors of 14855416?
2, 17, 19, 5749
What are the prime factors of 2793088?
2, 21821
What are the prime factors of 921529?
7, 47, 2801
List the prime factors of 205697.
29, 41, 173
What are the prime factors of 2294874?
2, 3, 127493
List the prime factors of 852671.
852671
What are the prime factors of 29289730?
2, 5, 31, 94483
List the prime factors of 9953794.
2, 4976897
What are the prime factors of 219888?
2, 3, 509
List the prime factors of 1273276.
2, 318319
What are the prime factors of 3532929?
3, 41, 28723
What are the prime factors of 782737?
439, 1783
List the prime factors of 5574723.
3, 7, 11, 24133
What are the prime factors of 13970584?
2, 31, 56333
List the prime factors of 5366414.
2, 61, 43987
What are the prime factors of 434164?
2, 108541
List the prime factors of 7932031.
7932031
List the prime factors of 104341.
151, 691
What are the prime factors of 10171091?
7, 43, 33791
List the prime factors of 9069748.
2, 107, 21191
What are the prime factors of 1714498?
2, 857249
List the prime factors of 106618.
2, 53309
What are the prime factors of 3013100?
2, 5, 29, 1039
List the prime factors of 1026185.
5, 205237
List the prime factors of 3282361.
281, 11681
What are the prime factors of 8683920?
2, 3, 5, 7, 1723
What are the prime factors of 533206?
2, 266603
List the prime factors of 7939534.
2, 31, 37, 3461
What are the prime factors of 3899202?
2, 3, 649867
What are the prime factors of 7967998?
2, 3983999
List the prime factors of 146884.
2, 36721
List the prime factors of 941408.
2, 13, 31, 73
List the prime factors of 4264588.
2, 19, 56113
What are the prime factors of 789328?
2, 49333
What are the prime factors of 262546?
2, 251, 523
List the prime factors of 657619.
227, 2897
List the prime factors of 1279653.
3, 426551
What are the prime factors of 204956?
2, 51239
What are the prime factors of 21187745?
5, 67, 63247
List the prime factors of 211233.
3, 11, 37, 173
What are the prime factors of 7662751?
7662751
What are the prime factors of 1697134?
2, 848567
What are the prime factors of 6580569?
3, 2193523
What are the prime factors of 10715?
5, 2143
What are the prime factors of 15223145?
5, 7, 434947
What are the prime factors of 1840323?
3, 613441
What are the prime factors of 41048?
2, 7, 733
List the prime factors of 8659033.
101, 85733
What are the prime factors of 252780?
2, 3, 5, 11, 383
What are the prime factors of 292706?
2, 17, 8609
What are the prime factors of 12430615?
5, 2486123
List the prime factors of 667367.
667367
List the prime factors of 258838.
2, 129419
List the prime factors of 4919699.
4919699
What are the prime factors of 906414?
2, 3, 19, 7951
List the prime factors of 5135630.
2, 5, 503, 1021
What are the prime factors of 650015?
5, 130003
List the prime factors of 19716.
2, 3, 31, 53
What are the prime factors of 133194?
2, 3, 79, 281
List the prime factors of 1593413.
59, 113, 239
What are the prime factors of 18033016?
2, 163, 13829
What are the prime factors of 5211139?
1201, 4339
What are the prime 